9.
9
Calculate the greatest common divisor of 73151 and 2533.
17
What is the highest common factor of 139 and 463009?
139
Calculate the highest common divisor of 1575 and 35070.
105
What is the greatest common divisor of 96 and 132996?
12
What is the greatest common factor of 1304 and 17767?
163
Calculate the highest common factor of 1415427 and 156.
39
Calculate the highest common factor of 42219 and 9.
9
What is the greatest common divisor of 36 and 85320?
36
Calculate the greatest common divisor of 218844 and 36.
36
Calculate the highest common divisor of 1242368 and 3680.
736
Calculate the greatest common factor of 961644 and 631.
631
Calculate the highest common divisor of 7595 and 40.
5
Calculate the greatest common factor of 578 and 25398.
34
What is the greatest common factor of 14263 and 136?
17
Calculate the greatest common divisor of 63261 and 671.
11
Calculate the greatest common divisor of 108 and 900.
36
Calculate the greatest common divisor of 99 and 1296.
9
Calculate the highest common factor of 498 and 86403.
249
What is the highest common divisor of 2879448 and 2145?
429
Calculate the highest common divisor of 41 and 191183.
41
What is the greatest common factor of 34352 and 57?
19
What is the greatest common divisor of 125 and 4635000?
125
What is the highest common factor of 246 and 137924?
82
Calculate the highest common divisor of 897 and 34845.
69
Calculate the highest common divisor of 28028 and 2574.
286
Calculate the greatest common factor of 9407 and 30675.
409
What is the greatest common factor of 180 and 226530?
90
Calculate the greatest common divisor of 198 and 593373.
33
What is the greatest common factor of 260220 and 1740?
60
Calculate the highest common divisor of 38535 and 420.
105
Calculate the greatest common divisor of 3752 and 4816.
56
Calculate the greatest common divisor of 378 and 211932.
126
What is the highest common factor of 910578 and 564?
282
Calculate the highest common divisor of 76 and 240578.
38
What is the highest common factor of 1525 and 5050?
25
Calculate the greatest common factor of 32529 and 252.
21
Calculate the greatest common factor of 299 and 15571.
23
What is the highest common factor of 2389434 and 852?
426
What is the greatest common divisor of 32 and 249696?
32
What is the highest common factor of 2331780 and 88?
44
Calculate the greatest common divisor of 106 and 115222.
106
What is the highest common factor of 11702867 and 11?
11
Calculate the greatest common divisor of 10881 and 45.
9
Calculate the greatest common factor of 969191 and 249.
83
Calculate the highest common divisor of 44398 and 1124.
562
What is the greatest common divisor of 2001 and 767717?
667
What is the highest common factor of 95949 and 28?
7
Calculate the highest common factor of 50 and 267975.
25
What is the greatest common factor of 22880 and 2704?
208
Calculate the highest common divisor of 1817 and 184.
23
Calculate the greatest common divisor of 56 and 118124.
4
Calculate the highest common divisor of 6590 and 10.
10
What is the greatest common divisor of 1623570 and 780?
390
What is the highest common factor of 3048 and 1608?
24
What is the highest common divisor of 14530 and 80?
10
What is the greatest common divisor of 712120 and 6840?
760
Calculate the highest common factor of 1209 and 44237.
31
What is the greatest common divisor of 910 and 12875135?
455
What is the greatest common factor of 1148812 and 3738?
1246
Calculate the greatest common divisor of 274 and 54526.
274
Calculate the highest common factor of 1395 and 1692.
9
What is the greatest common divisor of 125 and 1996625?
125
What is the greatest common factor of 47976 and 156?
12
What is the highest common factor of 78 and 12896?
26
What is the greatest common divisor of 221 and 9503?
221
Calculate the highest common divisor of 45 and 14115.
15
What is the greatest common divisor of 18810 and 9720?
90
Calculate the greatest common divisor of 9632 and 232.
8
Calculate the greatest common factor of 48 and 4558728.
24
What is the highest common factor of 1828248 and 408?
408
What is the greatest common divisor of 21 and 477?
3
Calculate the highest common factor of 162 and 41130.
18
What is the greatest common divisor of 66 and 673662?
66
What is the highest common divisor of 2646 and 6517?
49
Calculate the highest common divisor of 8823 and 5017.
173
Calculate the greatest common factor of 1024 and 10576.
16
Calculate the highest common divisor of 46 and 708607.
23
What is the highest common divisor of 230 and 215050?
230
Calculate the highest common factor of 205 and 43583.
41
Calculate the highest common factor of 268421 and 146.
73
What is the highest common factor of 449 and 664969?
449
What is the greatest common factor of 270 and 500445?
135
What is the greatest common factor of 3240360 and 144?
72
Calculate the greatest common divisor of 38463 and 12.
3
What is the highest common divisor of 3344 and 15675?
209
What is the highest common factor of 336 and 85792?
112
What is the greatest common divisor of 1 and 6053?
1
Calculate the greatest common divisor of 20096 and 16384.
128
Calculate the highest common divisor of 207 and 125120.
23
What is the greatest common factor of 84 and 10108?
28
What is the highest common factor of 3825 and 103105?
85
What is the highest common factor of 27455 and 260100?
1445
What is the greatest common divisor of 433273 and 1415?
283
Calculate the highest common divisor of 33 and 181731.
33
What is the highest common divisor of 34685 and 40?
5
What is the highest common factor of 17 and 974933?
17
What is the greatest common divisor of 32 and 14692?
4
What is the greatest common divisor of 6946 and 1334?
46
Calculate the greatest common divisor of 846 and 247455.
423
What is the greatest common factor of 28 and 31150?
14
Calculate the highest common divisor of 50 and 12225.
25
What is the highest common factor of 10296 and 23364?
396
What is the highest common factor of 11872 and 57568?
224
Calculate the highest common divisor of 386 and 75077.
193
Calculate the greatest common divisor of 141 and 763891.
47
Calculate the highest common factor of 720 and 6640.
80
What is the highest common factor of 432 and 3224340?
108
What is the highest common factor of 1278 and 98690?
142
What is the highest common factor of 8340 and 2260?
20
What is the highest common factor of 2233971 and 18?
9
Calculate the greatest common factor of 96503 and 11.
11
Calculate the highest common divisor of 9102 and 2337.
123
What is the greatest common divisor of 44660 and 1160?
580
Calculate the highest common factor of 282045 and 6.
3
What is the greatest common factor of 63020 and 1507?
137
Calculate the greatest common divisor of 585 and 78624.
117
Calculate the greatest common divisor of 193022 and 24362.
1874
Calculate the highest common divisor of 828 and 12636.
36
What is the greatest common divisor of 318 and 3021?
159
Calculate the greatest common divisor of 39342 and 1896.
474
Calculate the greatest common divisor of 45892 and 2310.
154
What is the highest common factor of 5104 and 6512?
176
What is the greatest common divisor of 7310 and 16985?
215
Calculate the greatest common factor of 198 and 2464.
22
Calculate the greatest common factor of 260 and 173420.
260
Calculate the highest common factor of 620 and 770.
10
What is the highest common divisor of 20 and 17140?
20
What is the highest common factor of 9 and 2012?
1
Calculate the highest common divisor of 3311 and 7525.
301
What is the highest common divisor of 581832 and 72?
72
What is the highest common factor of 1085 and 5845?
35
What is the highest common divisor of 9321 and 1053?
39
Calculate the greatest common factor of 726 and 6078.
6
Calculate the greatest common factor of 338 and 341042.
338
Calculate the highest common divisor of 459 and 1224.
153
What is the highest common divisor of 350094 and 2622?
114
Calculate the highest common factor of 759 and 529.
23
What is the greatest common divisor of 28660 and 130?
10
What is the highest common divisor of 53 and 2287?
1
Calculate the greatest common divisor of 28459 and 4768.
149
What is the highest common divisor of 6 and 22164?
6
What is the highest common factor of 158899 and 442?
221
Calculat